 and 182.
91
Calculate the highest common divisor of 432 and 12.
12
What is the highest common divisor of 1196 and 460?
92
What is the highest common factor of 625 and 3650?
25
Calculate the highest common divisor of 649 and 220.
11
What is the greatest common divisor of 598 and 208?
26
What is the greatest common divisor of 1950 and 65?
65
What is the greatest common factor of 67704 and 248?
248
What is the highest common divisor of 296 and 248?
8
What is the greatest common factor of 90 and 25695?
45
Calculate the highest common divisor of 210 and 330.
30
What is the greatest common divisor of 119 and 221?
17
Calculate the highest common factor of 63 and 133.
7
Calculate the highest common divisor of 127 and 1.
1
What is the greatest common divisor of 2695 and 105?
35
Calculate the highest common divisor of 93 and 682.
31
Calculate the greatest common factor of 22 and 77.
11
Calculate the highest common factor of 28 and 196.
28
What is the highest common factor of 11740 and 20?
20
Calculate the greatest common factor of 1380 and 620.
20
Calculate the highest common divisor of 168 and 56.
56
Calculate the highest common factor of 161 and 21.
7
Calculate the highest common divisor of 4 and 41012.
4
What is the highest common divisor of 450 and 9?
9
Calculate the highest common divisor of 1331 and 22.
11
What is the greatest common factor of 1496 and 198?
22
Calculate the greatest common factor of 522 and 27.
9
Calculate the greatest common divisor of 18 and 117.
9
What is the highest common factor of 180 and 1710?
90
Calculate the greatest common divisor of 336 and 231.
21
Calculate the highest common factor of 812 and 28.
28
Calculate the highest common factor of 4750 and 1000.
250
Calculate the highest common divisor of 1235 and 1995.
95
Calculate the highest common divisor of 10 and 75.
5
Calculate the greatest common factor of 3 and 237.
3
What is the highest common factor of 10816 and 64?
64
What is the highest common factor of 17415 and 81?
81
What is the greatest common factor of 27 and 21?
3
Calculate the highest common divisor of 3105 and 460.
115
Calculate the highest common divisor of 1620 and 120.
60
What is the greatest common factor of 2876 and 4?
4
What is the greatest common divisor of 588 and 24?
12
What is the greatest common factor of 1428 and 84?
84
Calculate the highest common factor of 31 and 1922.
31
What is the greatest common factor of 21 and 168?
21
What is the highest common factor of 2132 and 492?
164
What is the highest common divisor of 5 and 13?
1
Calculate the highest common divisor of 1147 and 62.
31
What is the greatest common factor of 112 and 280?
56
Calculate the highest common divisor of 399 and 5453.
133
Calculate the greatest common factor of 392 and 64.
8
Calculate the greatest common factor of 28 and 2268.
28
Calculate the greatest common factor of 28 and 119.
7
What is the greatest common divisor of 69 and 115?
23
What is the greatest common factor of 42 and 98?
14
Calculate the highest common factor of 1883 and 8339.
269
Calculate the highest common divisor of 86 and 12556.
86
What is the greatest common divisor of 4730 and 50?
10
What is the greatest common factor of 128 and 20864?
128
Calculate the greatest common factor of 19 and 19.
19
Calculate the greatest common divisor of 12320 and 44.
44
Calculate the highest common divisor of 4838 and 177.
59
What is the highest common divisor of 5 and 45?
5
Calculate the highest common divisor of 990 and 50.
10
What is the greatest common divisor of 660 and 40?
20
Calculate the greatest common factor of 297 and 11.
11
What is the greatest common factor of 2299 and 76?
19
Calculate the highest common divisor of 7020 and 26.
26
What is the highest common factor of 14096 and 32?
16
What is the greatest common factor of 423 and 282?
141
What is the greatest common divisor of 8224 and 8?
8
What is the highest common factor of 78 and 520?
26
What is the highest common divisor of 60 and 22755?
15
Calculate the highest common divisor of 88 and 264.
88
Calculate the greatest common divisor of 1168 and 64.
16
What is the greatest common factor of 145 and 325?
5
What is the greatest common divisor of 1057 and 217?
7
What is the highest common factor of 1334 and 58?
58
Calculate the highest common factor of 246 and 3567.
123
What is the highest common divisor of 4429 and 43?
43
Calculate the highest common divisor of 324 and 756.
108
What is the highest common divisor of 44 and 1100?
44
What is the highest common divisor of 16 and 184?
8
Calculate the highest common factor of 1331 and 44.
11
Calculate the highest common divisor of 66 and 286.
22
Calculate the highest common factor of 34 and 3757.
17
Calculate the greatest common divisor of 2271 and 3.
3
Calculate the greatest common divisor of 172 and 430.
86
What is the greatest common divisor of 1593 and 2537?
59
What is the greatest common factor of 38 and 209?
19
What is the highest common factor of 16642 and 628?
314
Calculate the greatest common factor of 21152 and 16.
16
Calculate the highest common factor of 54662 and 604.
302
What is the greatest common factor of 7032 and 216?
24
What is the greatest common divisor of 2432 and 128?
128
What is the highest common factor of 1083 and 114?
57
Calculate the greatest common factor of 1162 and 28.
14
What is the greatest common factor of 955 and 40?
5
What is the highest common factor of 936 and 72?
72
What is the highest common factor of 64 and 1728?
64
What is the greatest common factor of 1735 and 5?
5
Calculate the highest common divisor of 5952 and 768.
192
What is the highest common divisor of 10 and 590?
10
What is the highest common divisor of 21 and 5327?
7
What is the greatest common divisor of 483 and 42?
21
Calculate the highest common divisor of 288 and 108.
36
Calculate the greatest common divisor of 275 and 25.
25
Calculate the highest common factor of 12 and 11292.
12
What is the highest common divisor of 68 and 6239?
17
Calculate the greatest common factor of 3 and 9.
3
Calculate the greatest common factor of 135 and 345.
15
Calculate the greatest common factor of 1140 and 780.
60
What is the highest common divisor of 464 and 145?
29
Calculate the highest common factor of 2826 and 72.
18
Calculate the highest common divisor of 2192 and 368.
16
What is the highest common divisor of 48 and 3804?
12
Calculate the highest common factor of 90 and 180.
90
Calculate the greatest common factor of 220 and 115.
5
Calculate the greatest common divisor of 33 and 6248.
11
What is the greatest common divisor of 45 and 153?
9
Calculate the highest common factor of 2047 and 178.
89
Calculate the highest common divisor of 117 and 1287.
117
What is the highest common factor of 55 and 297?
11
Calculate the highest common factor of 31 and 1.
1
Calculate the greatest common factor of 85 and 4233.
17
What is the highest common factor of 290 and 10?
10
What is the greatest common factor of 329 and 376?
47
What is the greatest common factor of 1017 and 8475?
339
Calculate the highest common factor of 455 and 351.
13
What is the greatest common divisor of 1611 and 1432?
179
What is the highest common divisor of 46690 and 203?
203
What is the greatest common factor of 12 and 4080?
12
Calculate the greatest common divisor of 1357 and 23.
23
What is the greatest common factor of 436 and 3161?
109
Calculate the highest common divisor of 1851 and 12.
3
Calculate the highest common factor of 184 and 8648.
184
What is the highest common divisor of 24 and 864?
24
What is the highest common factor of 961 and 31?
31
Calculate the greatest common factor of 403 and 39.
13
What is the greatest common factor of 77 and 182?
7
Calculate the greatest common factor of 164 and 63796.
164
What is the greatest common divisor of 140 and 160?
20
What is the greatest common factor of 117 and 169?
13
Calculate the greatest common factor of 62 and 1271.
31
What is the highest common factor of 4526 and 93?
31
Calculate the highest common factor of 232 and 435.
29
Calculate the highest common factor of 11 and 11.
11
What is the greatest common divisor of 10 and 2?
2
Calculate the highest common factor of 21 and 5397.
21
What is the highest common factor of 14084 and 28?
28
Calculate the highest c